{"id":9,"date":"2011-06-14T17:47:37","date_gmt":"2011-06-14T15:47:37","guid":{"rendered":"http:\/\/magicentrepreneur.com\/?page_id=9"},"modified":"2014-07-30T18:06:22","modified_gmt":"2014-07-30T16:06:22","slug":"citations","status":"publish","type":"page","link":"https:\/\/magicentrepreneur.com\/?page_id=9","title":{"rendered":"Citations"},"content":{"rendered":"<p><em>Voici quelques citations, dr\u00f4le, utiles en essayant qu&rsquo;elles ne soient pas trop pr\u00e9tentieuses&#8230; je ne me souviens que rarement de la source.<br \/>\n<\/em><\/p>\n<p>Le succ\u00e8s vient de l&rsquo;exp\u00e9rience et l&rsquo;exp\u00e9rience na\u00eet de l&rsquo;\u00e9chec.<\/p>\n<p>La reconnaissance est une couverture qui ne chauffe pas l&rsquo;hiver.<\/p>\n<p>Le hasard ne favorise que les esprits pr\u00e9par\u00e9s. (Louis Pasteur \u00e0 confirmer)<\/p>\n<p>Dans la longue histoire du coup de pied au cul ce n&rsquo;est pas toujours le pied le plus coupable.<\/p>\n<p>C&rsquo;est parce qu&rsquo;ils ne savaient pas que c&rsquo;\u00e9tait impossible qu&rsquo;ils l&rsquo;ont r\u00e9alis\u00e9. (Mark Twain)<\/p>\n<p>Tout ce qui est simple est faux, tout ce qui ne l&rsquo;est pas est incompr\u00e9hensible.<\/p>\n<p>Quand les esturgeons apprennent le prix du caviar ils deviennent pr\u00e9tentieux.<\/p>\n<p>On mesure l&rsquo;intelligence des individus \u00e0 la quantit\u00e9 des incertitudes qu&rsquo;ils peuvent supporter. (Emmanuel Kant)<\/p>\n<p>On consid\u00e8re le chef d&rsquo;entreprise comme un homme \u00e0 abattre, ou une vache \u00e0 traire. Peu voient en lui le cheval qui tire le char. (Winston Churchill)<\/p>\n<p>L&rsquo;incertitude est le pire de tous les maux jusqu&rsquo;au moment o\u00f9 la r\u00e9alit\u00e9 vient nous faire regretter l&rsquo;incertitude. (Alphonse Karr)<\/p>\n<p>Pourquoi faut-il que l&rsquo;homme atteigne le fond de l&rsquo;ab\u00eeme avant de d\u00e9couvrir enfin les ressources qu&rsquo;il recherchait d\u00e9sesp\u00e9r\u00e9ment et qui dormaient en lui.<\/p>\n<p>On gagne sa vie avec ce que l&rsquo;on re\u00e7oit, mais on la b\u00e2tit avec ce que l&rsquo;on donne. (Winston Churchill, une de mes plus grands inspirations)<\/p>\n<p>Deux intellectuels assis vont moins loin qu&rsquo;une brute qui marche. Maurice Biraud, Un taxi pour Tobrouk (1961), \u00e9crit par Michel Audiard.<\/p>\n<p>Tout ce qui est excessif est insignifiant. Talleyrand<\/p>\n<p>La victoire a beaucoup de parrains, la d\u00e9faite est orpheline. Talleyrand<\/p>\n<p>L&rsquo;habituel d\u00e9faut de l&rsquo;homme est de ne pas pr\u00e9voir l&rsquo;orage par beau temps. Machiavel<\/p>\n<p>Prends toujours ton d\u00fb quand la larme est \u00e0 l&rsquo;\u0153il. Proverbe \u00e9cossais<\/p>\n<p>La route qui conduit aux enfers est facile \u00e0 trouver.<\/p>\n<p>Rien de ce qui est fini n&rsquo;est jamais compl\u00e8tement achev\u00e9 tant que tout ce qui est commenc\u00e9 n&rsquo;est pas totalement termin\u00e9. (Pierre Dac)<\/p>\n<p>Peu importe ou dieu vous plante c&rsquo;est \u00e0 vous de savoir comment fleurir.<\/p>\n<p>Une grenouille qui est au fond du puits \u00e0 l&rsquo;impression que le ciel est rond.<\/p>\n","protected":false},"excerpt":{"rendered":"<p>Voici quelques citations, dr\u00f4le, utiles en essayant qu&rsquo;elles ne soient pas trop pr\u00e9tentieuses&#8230; je ne me souviens que rarement de la source. Le succ\u00e8s vient de l&rsquo;exp\u00e9rience et l&rsquo;exp\u00e9rience na\u00eet de l&rsquo;\u00e9chec. La reconnaissance est une couverture qui ne chauffe &hellip; <a href=\"https:\/\/magicentrepreneur.com\/?page_id=9\">Continuer la lecture <span class=\"meta-nav\">&rarr;<\/span><\/a><\/p>\n","protected":false},"author":2,"featured_media":0,"parent":0,"menu_order":0,"comment_status":"open","ping_status":"open","template":"","meta":[],"_links":{"self":[{"href":"https:\/\/magicentrepreneur.com\/index.php?rest_route=\/wp\/v2\/pages\/9"}],"collection":[{"href":"https:\/\/magicentrepreneur.com\/index.php?rest_route=\/wp\/v2\/pages"}],"about":[{"href":"https:\/\/magicentrepreneur.com\/index.php?rest_route=\/wp\/v2\/types\/page"}],"author":[{"embeddable":true,"href":"https:\/\/magicentrepreneur.com\/index.php?rest_route=\/wp\/v2\/users\/2"}],"replies":[{"embeddable":true,"href":"https:\/\/magicentrepreneur.com\/index.php?rest_route=%2Fwp%2Fv2%2Fcomments&post=9"}],"version-history":[{"count":23,"href":"https:\/\/magicentrepreneur.com\/index.php?rest_route=\/wp\/v2\/pages\/9\/revisions"}],"predecessor-version":[{"id":2910,"href":"https:\/\/magicentrepreneur.com\/index.php?rest_route=\/wp\/v2\/pages\/9\/revisions\/2910"}],"wp:attachment":[{"href":"https:\/\/magicentrepreneur.com\/index.php?rest_route=%2Fwp%2Fv2%2Fmedia&parent=9"}],"curies":[{"name":"wp","href":"https:\/\/api.w.org\/{rel}","templated":true}]}}